en d(-45) is divided by 178?
23
Suppose -97*n = -107*n + 940. Calculate the remainder when 467 is divided by n.
91
Let a = 267 + -81. Calculate the remainder when (14/(-21))/((-2)/a) is divided by 16.
14
Suppose 1404 = -86*g + 98*g. What is the remainder when g is divided by 31?
24
Let y(v) = 5*v**2 + 6*v + 6. Let f(l) = 8*l + 10. Let h be f(-13). Let q = h + 134. What is the remainder when q is divided by y(-2)?
12
What is the remainder when 94/((7 + (-12)/2)*(-6)/(-12)) is divided by 56?
20
Suppose -2*s + 55 = r, 4*s - 5*s + 5*r = 0. Suppose -122 = -s*b + 23*b. Let y = 80 + -64. What is the remainder when b is divided by y?
13
Let w(y) be the third derivative of -y**4/24 - 4*y**3/3 + 6*y**2. Let i = 32 - -11. Calculate the remainder when i is divided by w(-24).
11
Let q(j) = j**3 - 41*j**2 + 2*j - 77. Let a be (3 - (-7)/(-3))*21. Let k = 31 - a. Calculate the remainder when k is divided by q(41).
2
Suppose -2*n = 3*x - 27, 2*x - 13 = -n - 0*n. Let k = -21 - -10. Let b(l) = -7*l + 23. Calculate the remainder when b(k) is divided by n.
10
Calculate the remainder when (-24774)/(-6) - (-6)/(1 - 2) is divided by 23.
6
Let r = 1 + -1. Suppose -2*x - w + 34 = -r*w, -3*x + 5*w + 51 = 0. Calculate the remainder when 43 is divided by x.
9
Suppose -2*j = f - 7, -3*f = 8*j - 12*j + 9. Let z(q) = q + 6. Let s be z(7). Let m = f + s. What is the remainder when 55 is divided by m?
13
Let l(k) = 18*k - 44. Suppose 61*p - 126 = -15*p + 254. What is the remainder when l(6) is divided by p?
4
Let p = 3052 - 2816. Calculate the remainder when p is divided by 47.
1
Suppose -5*h - b + 55 = 0, -h = -3*b - 26 + 15. Suppose -h*q + 330 = -q. What is the remainder when 160 is divided by q?
28
Suppose 6720*n + 9276 = 6724*n. Calculate the remainder when n is divided by 385.
9
Let d(p) = p**3 + 38*p**2 + 214*p - 71. Calculate the remainder when 10316 is divided by d(-31).
20
Let w(j) = -j**2 - 15*j + 175 - 99 - 97. Let d = -13 - -22. Calculate the remainder when d is divided by w(-13).
4
Let a(y) = -y**3 - 12*y**2 + 10*y - 37. Let f be a(-13). Suppose f*n - 73 - 19 = -v, 5*n = -20. Calculate the remainder when v is divided by 17.
15
Let w = 9112 + -9065. Calculate the remainder when 103 is divided by w.
9
Calculate the remainder when 34/(-170) - (-14341)/5 is divided by 9.
6
Calculate the remainder when ((-25)/(-100)*-6964)/(1/(-4)) is divided by 199.
198
Let y(u) = 58*u - 563. Calculate the remainder when 3158 is divided by y(10).
13
Let x(f) = -13*f - 59. Suppose -5*j + 22 = -4*n, 7*j - 3*j = -n + 26. Suppose 3*z = 5*z - j. What is the remainder when x(-5) is divided by z?
0
Suppose 0 = 20*f - 36*f + 96. What is the remainder when 33 is divided by (-171)/63 + f + 2/(-7)?
0
Let j be 3/(-6)*-16 - (-5)/(-5). Let a be (19/j - 3)*28/(-2). Suppose a*r = 49 + 19. What is the remainder when 82 is divided by r?
14
Suppose -3*w + 45 = -3*t, -5*w + 4*w = -5*t - 27. Calculate the remainder when 45 is divided by 42/w*-1*(-16)/14.
1
Suppose b - 16 = -3*b. Let n(k) = k**3 + 6*k**2 + 5*k + 40. What is the remainder when n(-5) is divided by b?
0
Let o be (-43700)/(-114)*(-18)/(-2)*-1. Suppose 2*d + 2 = v - 6, v - d - 7 = 0. What is the remainder when 225 is divided by (-1)/v - o/180?
16
Suppose -91962 = -33*i - 86*i - 12*i. What is the remainder when i is divided by 71?
63
Let z = -191 + 334. Let y = -16375 + 16383. What is the remainder when z is divided by y?
7
Let u = 43834 + -42370. Calculate the remainder when u is divided by 113.
108
Let l = 1647 - 1376. What is the remainder when l is divided by 13?
11
Let h be 0/((12 + -4)/(-4)). Suppose 2*f - 5*f = h. Suppose f = 3*p + 8*p - 231. What is the remainder when p is divided by 13?
8
Let y = -10197 + 12890. What is the remainder when y is divided by 37?
29
Let q be ((-2)/6)/((-40)/(-2280)). Let w(n) = -3*n + 13. What is the remainder when w(q) is divided by 12?
10
What is the remainder when -21 + 3951/(-6 + 9) is divided by 269?
220
Let l = -52 - -126. Suppose 6*d - l = 4*d. Suppose o - 2*o = -d. Calculate the remainder when 145 is divided by o.
34
Let r = 251 + -244. Calculate the remainder when 50/(-15)*-18 + 0 is divided by r.
4
Let y(j) = -j**2 - 110*j - 501. What is the remainder when 186 is divided by y(-5)?
18
Suppose -6*w + 288 = 48. Suppose -w = -19*f + 11*f. What is the remainder when 89 is divided by f?
4
Let w be 23*(0 - (-2 + 1)). Let y = -19 + w. Suppose 3*f + y = d - 3, 4*f - 111 = -5*d. What is the remainder when 69 is divided by d?
12
Let w = 1307 + -1197. What is the remainder when w is divided by 24?
14
What is the remainder when 494 is divided by (3*3/(-27))/((-16)/240)?
4
Let s = 2018 - 2014. Suppose -i - 4 = 3*j, 4*i + j - 48 = 5*j. What is the remainder when i is divided by s?
0
Suppose -10*v = -18*v + 80. Suppose v*a + 2 = -8. What is the remainder when -70*a*(12/8 + -1) is divided by 6?
5
Let p be 9/(-6) + 2 + 15/2. Let m = p - -57. What is the remainder when 128 is divided by m?
63
Let a = 21 - 19. Suppose -4*i + 906 = a*i. Suppose -4*h = h + 15, 75 = 2*g + h. Calculate the remainder when i is divided by g.
34
Let c(h) = h + 8. Let f be c(-4). Suppose -t = 2*d - 2*t - 587, 4*t - 1192 = -f*d. Suppose -6*n + 773 = -d. Calculate the remainder when n is divided by 36.
34
Suppose 3*d = 6*f - 3*f - 15, -2*d - 4 = f. Suppose -f*k + 139 = 37. What is the remainder when k is divided by 11?
7
Suppose 0 = -4*k + 665 + 439. Suppose 16*y = 18*y - k. Calculate the remainder when y is divided by 16.
10
Let z(i) = 2*i**2 + 42*i + 83. Let f be z(-21). Suppose 24 = 84*o - f*o. Calculate the remainder when o is divided by 9.
6
Let v = 211 + 173. Suppose 0 = 20*z - 4*z - v. What is the remainder when 213 is divided by z?
21
Let s(t) = t**3 + 16*t**2 - 16*t + 21. Let k be s(-17). Suppose k*i - 30 = i. What is the remainder when 16 is divided by i?
6
Let h(a) = 2*a**2 + 2*a - 29. Let r be h(-12). Suppose -6*n - r = -997. Suppose 323 = 9*s - n. What is the remainder when s is divided by 18?
14
Suppose q + 106 = c + 67, -4*c - 3*q = -121. What is the remainder when c is divided by 2/(-3)*(-42)/4?
6
Let t(u) = -u**2 + 9*u - 4. Let k(r) = -12*r + 301. Calculate the remainder when k(18) is divided by t(7).
5
Let k be 24/7 + ((-150)/(-42) - 4). Suppose 107 = 5*o - k. Suppose -75 = 4*q - 9*q. What is the remainder when o is divided by q?
7
Let i = 0 + 21. Suppose -59*q + 48*q - 66 = 0. Calculate the remainder when i is divided by -1*(0 + -1)*(5 - q).
10
Let x(j) = -j**3 + 4*j + 5. Let k be x(-2). Suppose -13*f = -k*f - 216. Calculate the remainder when 134 is divided by f.
26
Suppose 0 = -g + 3*k + 446, 273 - 261 = -2*k. Calculate the remainder when g is divided by 95.
48
Let o be (16/(-6))/((-4)/6). Calculate the remainder when 1*-7 + 1394/34 is divided by o*(-3 + (-69)/(-12)).
1
Let y(p) = 39*p + 569. What is the remainder when y(-11) is divided by 38?
26
Suppose 62*l + 30 = 65*l + 3*i, 5*l - i = 38. Calculate the remainder when 478 is divided by l.
6
Suppose -15*q = -14*q + 30*q - 11160. Calculate the remainder when 759 is divided by q.
39
What is the remainder when 563 is divided by ((-52)/6 - -2)/((-95)/684)?
35
Let p = -140 + 344. Suppose -p = -3*k - 201. What is the remainder when 27 is divided by (1 - 3)*k + (14 - 3)?
0
Suppose -3*o + 1416 + 1794 = 0. Suppose 2219 = 243*u - 13090. Calculate the remainder when o is divided by u.
62
Let o be 4/((-11)/(33/(-12))). What is the remainder when (o - 1638/(-8)) + 4/16 is divided by 26?
24
Let o(t) = t - 12. Let y be o(12). Suppose y = -8*a + 4*a, 3*v - 9 = -3*a. What is the remainder when v/9 + 472/24 is divided by 6?
2
What is the remainder when 78 is divided by 2*9/(-3) - -7 - 1*-18?
2
Let q = 810 + -160. Suppose -n = 3*p - q, 5*p = 4*n - 0*p - 2532. What is the remainder when n is divided by 71?
70
Let g be (-3)/(-4)*2*136/102. Suppose 4*h - 110 = g*h. What is the remainder when h is divided by 7?
6
Suppose s = 0, 5*o = 3*o + s + 10. Suppose 5*u + 2*r = u - 20, u = -o*r - 5. What is the remainder when 51 is divided by (u/1)/(-5)*(10 + -1)?
6
Let m(l) = 26*l - 375. What is the remainder when m(23) is divided by 17?
2
Suppose -188*q - 25 + 9446 = -10695. Calculate the remainder when q is divided by 41.
25
Suppose 18*a = -3 + 39. What is the remainder when 4935/(-42)*a/(-5) is di